(a)?
9
Let t(r) = 5*r**2 - 2*r + 3. Suppose d + 5 = -y, 5*y - y = -3*d - 20. Suppose -2*g = -3*s + 8, d = s + 7*g - 12*g - 7. What is t(s)?
19
Let z(c) = -4*c + 1. Let m(j) = -31*j - 4. Let l(o) = -m(o) + 3*z(o). Let d(u) = -13*u - 5. Let q be (2/4)/(4/(-40)). Let v(s) = q*l(s) - 7*d(s). What is v(1)?
-4
Let t(u) = u**2 - u - 1. Let x(c) = -3*c**2 - 2*c - 5. Let f(p) = 4*t(p) + x(p). Let v = 993 + -985. Give f(v).
7
Let t(b) = -3*b**2 + 12*b - 3 - 34*b + 2*b**2 + 13*b + 15*b + 5*b. Let l(v) = -v**2 + 6*v + 3. Let x be l(5). Determine t(x).
21
Let r(y) = -6*y - 6. Suppose -3*v + 19*h = 15*h + 43, 0 = -2*v - 3*h - 6. Give r(v).
48
Let w(j) be the second derivative of -j**3/6 - 7*j**2/2 + 15*j - 133. Let a(s) = -8*s**3 - s**2. Let y be a(1). Determine w(y).
2
Suppose 3*g + 12 = 6*g - 3*q, 5*q = -g - 26. Let z be (0*(-3)/(-3))/g. Suppose 5*j + 5 + z = 0. Let u(x) = -x**2 - 3*x - 1. Calculate u(j).
1
Suppose 5*k + 2551 + 1234 = 5*c, 0 = 4*k - 3*c + 3031. Let b = k + 758. Let y(a) = -5*a - 1. Calculate y(b).
9
Let o(m) = -21*m + 291. Let p = -5856 + 5870. Give o(p).
-3
Let x(c) = -11*c - 15. Let p(z) = -27*z - 36. Let d(a) = -5*p(a) + 12*x(a). Let y = 6 + 0. What is d(y)?
18
Let n be 9 + -18 - 6/1. Let t(q) = -5*q - 81. Give t(n).
-6
Let q(z) = 25 - 97 + 54 - 4 - 55*z. What is q(0)?
-22
Let g(v) = -8*v - 80. Suppose 47*h = -47 - 423. What is g(h)?
0
Let x(a) = a + 6. Let v be x(-5). Let d(g) be the first derivative of -40 + g + 1/3*g**3 - g**2. Calculate d(v).
0
Let h(c) = -14*c - 2 - 3*c**2 - 10 - 5*c + 6*c**2 + 4*c. Calculate h(6).
6
Let j(d) = 224 + 9*d + 4*d + 63 - 159. Give j(-10).
-2
Let u = 34 - 198. Let g = -162 - u. Let r(d) = -4*d + 1. What is r(g)?
-7
Let r(k) be the second derivative of 5*k + 0 + 1/24*k**4 - 11/3*k**3 - 1/60*k**5 + 0*k**2. Let n(a) be the second derivative of r(a). Give n(-1).
3
Let j(u) = -4*u + 13. Let o be j(-14). Suppose -12*q + o = 21. Let z(t) = -7*t + 3. Let p(k) = 10*k - 4. Let b(d) = -5*p(d) - 7*z(d). Calculate b(q).
-5
Let h(o) = -7*o + 46. Suppose -5*l - 33 + 8 = -4*a, -5*l = -a + 10. Give h(a).
11
Let p(w) be the third derivative of 122*w**2 + 0 + 7/60*w**5 - 1/3*w**4 - 1/120*w**6 + 0*w + 1/2*w**3. Determine p(6).
-9
Let v(j) = 1062*j + 7*j**2 + 1 - 1073*j - 15 - 3*j**3 + 4*j**3. What is v(-8)?
10
Let i(n) = n**2 - 4*n - 2. Let j(p) = -2*p**2 + 5*p + 2. Let x = -18 - -20. Let u(k) = x*j(k) + 3*i(k). Let s = 9 + -12. Give u(s).
-5
Let d(u) = -u**2 - 15*u + 10. Suppose 360 + 58 = -29*g - 9*g. Calculate d(g).
54
Let c(t) = -5*t**2 + 7*t - 5. Suppose -11*w + 2936 - 1443 = 1438. Calculate c(w).
-95
Let m = 38 + -2. Let j(v) = -36*v + 1 + m*v + 2*v**2. Let x = -260 + 258. Determine j(x).
9
Let u = -12 + -16. Let l be 3/1*(-2 + u/(-12)). Let q(s) = -6*s**2 + 2 + 42*s - 2 - 40*s - 1. Give q(l).
-5
Let y(t) be the second derivative of -t**3/6 + 3*t**2/2 - 2*t. Let q(m) = m**3 + 8*m**2 + 14*m - 5. Suppose 18*n + 2*n + 100 = 0. Let l be q(n). Determine y(l).
3
Let c(v) = 2*v**3 + 26*v**2 - 46*v + 29. Let h(q) = q**3 + 13*q**2 - 23*q + 14. Let f(t) = -2*c(t) + 5*h(t). Give f(-15).
-93
Suppose 8*r - 3*r + 14 = 4*h, -3 = 3*h + 3*r. Let a(v) = -v - 3*v + h + 6*v. Let i(x) = x**3. Let p be i(1). Calculate a(p).
3
Let d be 0*5*11/(-660). Let n(r) be the second derivative of r**5/20 + r**4/12 + r**3/6 + 2*r**2 - 9*r. What is n(d)?
4
Let m(z) = -7*z - 4. Suppose 0 = x - 2*x - 4, -5*c - 4*x - 1001 = 0. Let g = c + 194. What is m(g)?
17
Let n(q) = q**2 + 2*q. Let o = -65 + 70. Suppose -o*p + 5 - 20 = 0. Determine n(p).
3
Suppose -227 = 3*n - 5*s, -3*n - 5*s = -0*s + 247. Let p = n + 75. Let b(q) = -6*q - 1 + 0*q + 7*q. Calculate b(p).
-5
Let a(l) be the second derivative of 1/6*l**3 + l**2 + 1/6*l**4 + 137*l + 0. What is a(-3)?
17
Let o be (4/6)/(-1)*3. Suppose -155*d + 161*d = 396. Let c(b) = -65 - b + 132 - d. What is c(o)?
3
Let c(h) = -h**2 - h. Let u(i) = 10*i**2 + 24*i + 34. Let s(d) = 5*d**2 + 12*d + 16. Let t(a) = 9*s(a) - 4*u(a). Let w(o) = 4*c(o) + t(o). Determine w(-6).
-4
Let q(k) be the second derivative of -11*k**4/12 - 11*k**3/6 - k**2 + 2*k + 134. Let l(d) = -2*d**2 - d. Let u(v) = 6*l(v) - q(v). Calculate u(5).
2
Let v(u) = -u**3 - 5*u**2 + 7*u + 14. Let q be -1*3*(-60)/90. Suppose -q*l - 28 = -16. What is v(l)?
8
Let f(u) be the second derivative of -u**4/12 - 5*u**3/6 - 5*u**2/2 + 2*u. Let x = 23421 - 23427. Calculate f(x).
-11
Let k(a) = 23*a**2 - a - 1. Suppose -8 = 2*y + j, -100*j = y - 95*j + 31. Give k(y).
23
Let m(n) = n - 1. Let w(j) = -2*j**2 - 9*j - 10. Let f be w(-6). Let s be 1/3 - 2 - f/42. Let p(u) = -9*u - 5. Let g(v) = s*p(v) + 6*m(v). Calculate g(1).
14
Let j(l) = -3*l. Let y = 1984 - 1944. Let q = -1 - -45. Let c = q - y. What is j(c)?
-12
Let z(f) = -2*f + 6. Let k = -3832 + 3824. Give z(k).
22
Let n(a) = -7*a + 76. Let u be n(11). Let f(s) = -120*s**3 + 2*s + 0 + 1 + 126*s**3 + 2*s**2 - s**2. What is f(u)?
-6
Let v = 21953 + -21953. Let g(k) = k**3 - 2*k + 76. What is g(v)?
76
Let j(w) = w**2 - 1. Let p(u) = 2*u**2 + 10*u - 4. Let r(t) = -3*j(t) + p(t). Suppose -4*h - 4*h - 2*h + 30 = -4*h. Give r(h).
24
Let a(p) = 58*p - 47. Let h(x) = 18*x - 2. Let j(t) = a(t) - 3*h(t). Determine j(7).
-13
Let d = 14744 + -14761. Let v(m) = -11*m - 177. Calculate v(d).
10
Let k(f) = -f + 11. Let o(l) = l**2 + 2*l + 3. Let p be o(-3). Let v(d) = d**2 - 3*d - 13. Let a be v(p). Give k(a).
6
Let y(q) = -3*q**2 - 7*q - 16. Let r(g) = 4*g**2 + 6*g + 16. Let u(m) = -2*r(m) - 3*y(m). Let w be (28/49)/((-10)/105) + (13 - 14). Determine u(w).
2
Let x(g) = -5*g**2 - 4*g - 2. Let q(u) = 3*u**2 + 2*u + 1. Let j(d) = 7*q(d) + 4*x(d). Let h be ((-3)/(-1))/((-3)/(-9)). Let l be (2/3)/(3/h). Determine j(l).
-1
Let x(q) = 7*q - 23 + 42816*q**2 + 6*q - 42817*q**2. What is x(12)?
-11
Let h(v) = -2*v**2 + 3*v - 1. Suppose -w - 51 + 14 = -5*i, 0 = -3*i + w + 21. Suppose 0 = 2*g - d - i, 2*d = 3*g - 13. Calculate h(g).
-10
Let t(v) = -5*v**2 + 14*v + 3. Let g(c) = 7*c**2 - 411*c - 537. Let f be g(60). Give t(f).
0
Let z be (-57)/(-12) - 7/(-28). Suppose -9*h = -z*h + 4. Let y(j) = -11*j**2. Give y(h).
-11
Suppose 2*a - 18 = -a. Suppose a*n - 12 = -0*n. Let t(y) = -103 - 2*y**2 + 106 + 4*y**n - y**2 - 2*y. What is t(3)?
6
Let p(f) = f**3 - 8*f**2 - 13*f + 15. Suppose 205*o = -205*o + 386*o + 168. Determine p(o).
-125
Let o(k) be the third derivative of k**4/24 + 5*k**3/3 + 57*k**2 - 6*k - 1. Calculate o(17).
27
Suppose 21*a - 16*a - 15 = 0. Let h(n) = n + 2*n**2 + 122*n**3 + 1 - a - 123*n**3. Let i be h(2). Let j(g) = -g - 1. Determine j(i).
-1
Let d(u) be the first derivative of -u**2/2 - 64*u - 30. Calculate d(-64).
0
Let d(z) = 5*z**2 + 5*z + 7. Let y be d(-2). Let p be (-94)/(-47) + (0 - y)/(-1). Let u(b) = b**2 - 20*b + 11. Determine u(p).
-8
Let j(a) = -10*a**2 + 175*a + 95. Let n be j(18). Let s(r) = 2*r - 32 - 29 + 52. Give s(n).
1
Let s(z) be the first derivative of -z**2 + 13*z + 1. Suppose 815 - 7413 = -1416*j + 358*j - 250. Determine s(j).
1
Let g = -105 - -135. Let o(r) = g*r**2 - 2 - 1 + r**3 - 26*r**2 - r. Determine o(-4).
1
Let i(o) be the third derivative of 3*o**4/8 + 20*o**3/3 + 272*o**2. What is i(-5)?
-5
Let q(x) = -x**3 - 3*x**2 + 3*x + 1. Let s = -9 - -17. Let y be ((-6 - -2)/s)/((-3)/12). Suppose 3*a - 41 = 4*b - y*a, 0 = -3*b - 4*a + 8. Determine q(b).
5
Suppose 18 + 52 = 2*q. Suppose -5*c + 5 + q = 0. Let i(m) be the third derivative of -m**4/24 - 3*m**3/2 + 2*m**2 - 34. Determine i(c).
-17
Let a(n) = -2*n + 0*n + 0*n + 29 + 125 - 32. Give a(64).
-6
Let w(p) be the third derivative of p**4/24 + 5*p**3/3 - 2272*p**2. Let b = -62 + 30. Let t = 23 + b. Calculate w(t).
1
Let f(k) = 4 - 6*k + 3*k - 6 + k. Suppose 18*n + 38 = 2. Calculate f(n).
2
Let s = -8513 + 8519. Let t(v) = v**2 + 5*v + 3. Give t(s).
69
Let j = 4205/50748 - -2/4229. Let d(x) be the second derivative of j*x**4 + 0 + 7*x - 1/2*x**3 + x**2. Give d(3).
2
Let h(f) = 2*f**2 + 3*f - 3. Let r be 2/((-2)/9) - (6 - 12). Determine h(r).
6
Let o(m) = -m**2 + 12*m - 37. Let a = 23034 + -23022. Determine o(a).
-37
Let o(h) = 2 - 166*h - h**3 + 10 + 9*h**2 + 53*h + 48*h + 56*h. Let a(u) = u**2 - u + 8. Let d be a(0). Determine o(d).
4
Let b(h) = 2*h - 15. Let g be b(8). Let c be (-2 + g)/(6/42). Let y be (-2)/7 + 40/c. Let q(u) = -u**3 - 5*u**2 + 4